t l be x(2). Suppose -2*q = 2*q - l. Let g(i) = 0 + i**2 - q - 4*i - 2. Calculate g(3).
-7
Let f(y) be the third derivative of -y**7/210 - y**6/720 - y**4/24 - 3*y**2. Let j(u) be the second derivative of f(u). What is j(-1)?
-11
Let w(a) = 10*a. Let p = 33 + -32. Calculate w(p).
10
Let h = 14 + -20. Let m(r) be the second derivative of -r**4/12 - 5*r**3/6 + 3*r**2/2 - 2*r. Give m(h).
-3
Let y(u) = -u**2 - 1. Let m = -1 + 3. Let v(k) = k**3 - 5*k + 5*k**2 - 4 - 4*k**2 + 2*k**m + 0*k**2. Let i be v(-4). Calculate y(i).
-1
Let p(d) be the second derivative of d**4/12 + d**3/6 + d**2/2 - 9*d. What is p(-2)?
3
Let k(f) = -2*f. Suppose 0*d = 7*d + 42. Determine k(d).
12
Suppose -18*w + 88 = -2. Let t(o) = o**3 - 4*o**2 - 2*o + 5. Calculate t(w).
20
Let m(j) = -4*j**3 + 10*j**2 - 6*j + 5. Let k(a) = 7*a**3 - 19*a**2 + 12*a - 9. Let q(r) = -3*k(r) - 5*m(r). Determine q(6).
2
Let t = 8 - 6. Let o(v) be the second derivative of v**6/60 - v**5/30 - v**4/12 + 3*v**2/2 + 2*v. Let w(j) be the first derivative of o(j). Determine w(t).
4
Let q(n) be the second derivative of n**5/4 + n**4/12 + 11*n. Determine q(-1).
-4
Let c(x) = x**3 + x**2 - 1. Let g be c(-1). Let b(p) be the third derivative of p**5/6 - p**4/24 - p**3/6 - 44*p**2. Calculate b(g).
10
Let k(d) be the second derivative of -d**3/3 - 3*d**2/2 + d. Calculate k(6).
-15
Let n(i) = i**2 - 4*i + 6. Let b be (-6)/(-2) - (-2)/1. Calculate n(b).
11
Let i be (1/(-1))/((-1)/(-6)). Let v = 2 - 0. Let p(o) = -6*o + 1 - o**v - 2 + 3. Give p(i).
2
Let z(u) be the second derivative of -u**4/12 - u**3/6 + 58*u. Give z(0).
0
Let x(d) = -2*d - 1. Let u(a) = -a - 1. Let f(b) = -3*u(b) + x(b). Give f(2).
4
Let g(y) = y**3 - y**2 - 1. Let a(b) = -b**3 + 5*b**2 + 2*b + 4. Let w = 2 - 1. Let t(j) = w*a(j) + 2*g(j). What is t(-3)?
-4
Let i = -577 - -578. Let l = 5 - 3. Let o(z) = -z**2 + 4*z**2 - z - l*z**2. What is o(i)?
0
Let x(h) = -h**3 - h**2 - h - 7. Let v(a) = a**3 + 4*a**2 - 6*a - 5. Let d be v(-5). Give x(d).
-7
Let z(j) be the second derivative of -2*j - j**2 - 1/6*j**3 + 0 - 1/20*j**5 + 5/12*j**4. What is z(2)?
8
Let w(d) be the first derivative of -d**3 + d**2 + d + 7. Suppose 0*t + r - 10 = 5*t, 5*t = -2*r - 10. Determine w(t).
-15
Suppose -4*l - 50 = -2*l. Let r = -19 - l. Let d(f) be the third derivative of f**5/60 - f**4/4 - f**3/6 + f**2. Determine d(r).
-1
Let b(t) be the second derivative of -t**3/3 - 4*t. What is b(-4)?
8
Let i(h) = -3*h**2 + 6. Let t(k) = -16*k**2 + 31. Let l(m) = -11*i(m) + 2*t(m). Suppose 0 = -4*x - 2*v + 14, -3*x + 2*v - 17 = -8*x. Give l(x).
5
Let x(l) = -l**2 + 5*l - 2. Let i be x(4). Suppose -b = -5*c - 5, -b + i = -6*b - 2*c. Let g(n) = n**3 - 5. Let p be g(b). Let j(w) = w**2 + 7*w + 6. Give j(p).
-4
Suppose y + 5 = 2*c, -7*c + y = -3*c - 9. Suppose 2*l - 6 = -c. Let t(p) = -4*p**l + p**3 - 7*p + 0*p - 1 + p + 2. Determine t(5).
-4
Let i be (-9)/63 + 13/(-7). Let t(j) = -2*j**3 - 2*j**2 + j - 1. What is t(i)?
5
Suppose -4*s - 1 = 3. Let c(k) = -11*k**2 - k - 1. Calculate c(s).
-11
Suppose 0 = 2*p - 1 - 7. Suppose -p*b + 2 = -10. Let c(x) = -2*x + 4 - x**2 + 4*x**2 - 2*x**2. Give c(b).
7
Let l(f) be the third derivative of 0 + 1/24*f**4 + 1/6*f**3 + 0*f + 2*f**2. Let g(j) = 3*j + 3. Let u(o) = -2*g(o) + 5*l(o). Determine u(-5).
4
Let i(o) = o**3 + 3*o**2 - 2*o - 5. Let y(r) = -r**3 - 6*r**2 + 8*r + 3. Let l be y(-7). Give i(l).
-13
Let t = -34 + 40. Let i(z) = z**2 + 5 + 4*z**2 - 3*z**3 + 2*z**3 + 5*z. Give i(t).
-1
Let m(w) = w**2 + 5*w - 7. Let o be m(-6). Let v(l) = 27*l**3 - 9*l + 3. Let t(s) = -40*s**3 + 13*s - 4. Let r(p) = -5*t(p) - 7*v(p). What is r(o)?
-10
Suppose 3*o - 24 = -2*j, 26 = 5*j - 0*j - o. Let r(b) = -3*b + 8. Calculate r(j).
-10
Let h = -7 + 9. Suppose -h*s = s - 15. Let n(l) = l**2 - 4*l + 2. What is n(s)?
7
Let h(i) = 3*i + 7. Suppose 30 = -0*l - 5*l. Determine h(l).
-11
Let w(t) = t**2 - 4*t - 3. Suppose -i + 1 = -2*x, 3*i + 17 = -5*x + 42. Determine w(i).
2
Suppose -2*n = 5*z, -2*n = 3*n - 4*z - 33. Let q(j) = j**2 - 8*j + 3. Determine q(n).
-12
Let c(f) = -f**2 - 5*f + 0*f**2 + 9 - 4. Let l = 30 - 52. Let k = l - -16. What is c(k)?
-1
Let w(n) be the third derivative of n**6/120 + n**5/10 + n**4/8 - 2*n**3/3 + 12*n**2 - 2*n. What is w(-6)?
-22
Let d(u) = -5*u**2 + 5*u. Let j(z) = 6*z**2 - 5*z + 1. Let n(s) = -4*d(s) - 3*j(s). Calculate n(4).
9
Let c be -1 - (-1 - (-4)/(-4)). Let j(r) = 4*r - c - r**3 - 6*r**2 + r - 5*r + 7*r. Give j(-7).
-1
Let j(p) be the second derivative of -1/2*p**2 - 1/3*p**3 - 1/6*p**4 - 4*p + 0 + 1/10*p**5. Give j(-1).
-3
Let t(x) = 2*x. Let w be (12/(-8))/((-2)/4). Suppose -c = 4*c - q - 18, 3*c + 4*q = -w. Suppose -c*v + 3 = 3*z, -z - 11 = 3*z + v. Calculate t(z).
-8
Let s(w) = w**3 - w + 5. Let c be s(0). Let x(n) = c + n - 5 - 4 + 2. Give x(-5).
-7
Let t(b) be the second derivative of b**3/6 - 4*b**2 + 3*b. Give t(6).
-2
Let i be 2/(-56) + -7 + (-204)/(-28). Let n(y) be the third derivative of -1/120*y**6 + 0 - i*y**4 + 0*y**3 + 0*y + 2*y**2 - 7/60*y**5. Calculate n(-6).
0
Let p(g) = g**2 - 5*g + 6. Suppose -3*z + 2 = -5*c, -2*z - 3*c = -6*c - 2. What is p(z)?
2
Let m be 4 + (-24)/(3 - 1). Let j(d) = d**2 + 10*d - 1. Determine j(m).
-17
Let p(w) = w**3 + 9*w**2 + 4*w + 5. Let n(d) = d**3 + 8*d**2 + 3*d + 4. Suppose 0 = -2*o + 3 + 3. Let v(t) = o*p(t) - 4*n(t). Calculate v(-5).
-1
Let x(m) be the second derivative of 2*m**2 + 0 + 1/3*m**3 + 4*m. Let t be 1 + (-7 - 0/(-1)). Give x(t).
-8
Let k(o) = -7*o + 2. Let x be k(1). Let a(g) = g**2 + 6*g + 1. Calculate a(x).
-4
Let g(m) = 8*m**2 + m. Let v(x) = 0*x**2 - 3*x**2 - x**2. Let r(w) = 3*g(w) + 5*v(w). Determine r(-2).
10
Suppose 4*q = -1 + 9. Suppose q = -x - x. Let k(a) = -a**2 + a. Let d(o) = 3*o**2 - 4*o + 1. Let t(g) = x*d(g) - 2*k(g). Determine t(1).
0
Let l(a) = -5*a + 5*a**2 + 0 + a**3 + 6 - 2*a**3. Suppose -3*o = s - 1, 3*s - 9 = 4*o + 7. Suppose 5*x - 4 = s*x. Give l(x).
2
Let x(i) be the third derivative of -1/3*i**3 + 1/24*i**4 + 1/120*i**6 + 1/20*i**5 + 2*i**2 + 0 + 0*i. Let c(h) = -h**2 + 2. Let w be c(-2). Calculate x(w).
0
Let t(f) = -f**2 + 8*f - 7. Let d(m) = m**2 + 8*m + 6. Suppose 3*x = 7*x. Suppose x*u + 43 = -5*u - 3*g, 5*u - 4*g + 36 = 0. Let o be d(u). Give t(o).
5
Let x(n) = 10*n - 9. Let z(h) = -7*h + 6. Let q(o) = 5*x(o) + 7*z(o). Suppose -y + 2*t - 9 = 0, 0 = t + t - 4. Determine q(y).
-8
Let k(o) be the first derivative of 1/2*o**4 - o**2 - 3*o + 1/3*o**3 - 3. Calculate k(-2).
-11
Let p = -13 + 15. Let x(u) = -p + 4*u**2 + 6*u**3 + 0*u**3 - 3*u**3 + 2*u - 2*u**3. Calculate x(-3).
1
Let q(n) = n**2 + 4*n + 2. Suppose f - 2*f - 13 = 0. Let d be (-1 + 2)*(f - 2). Let v be 6*(1 + d/9). Calculate q(v).
2
Let a(o) be the first derivative of -2 + o - 1/6*o**3 + 0*o**2. Let h(v) be the first derivative of a(v). Give h(0).
0
Let z(t) = 3*t**3 + t**2 - t - 2. Let v(m) = -4*m**3 - 2*m**2 + 2. Let u(d) = -2*v(d) - 3*z(d). Suppose 3*c = 2*c + 3. Calculate u(c).
-7
Suppose 0 = 5*f - 12 - 8. Suppose 0 = 2*q + 2*q + f, q = -2*r - 1. Suppose -5 = 5*k, 2*j - 5*k - 1 + 0 = r. Let z(b) = 2*b - 1. Calculate z(j).
-5
Suppose 4*w = 7*w - 15. Let k(r) = -r**3 + 6*r**2 - 7*r + 3. What is k(w)?
-7
Let j(f) be the third derivative of f**8/20160 + f**7/630 + f**6/144 + f**5/60 - 3*f**2. Let u(n) be the third derivative of j(n). What is u(-5)?
-10
Let q(v) = -2*v + 5. Let j(z) = -3*z**2 - 2*z**2 + 4 + z**2 - z**3. Let i be j(-3). Let r be (i/4)/(2/(-8)). What is q(r)?
-5
Suppose m = 2*d + 8, -m + 4 = 3*d + 6. Let j(p) = -21. Let v(c) = -6. Let u(s) = -5*j(s) + 18*v(s). Let x(q) = q + 7. Let g(o) = -5*u(o) - 2*x(o). Give g(m).
-7
Let t(b) = 0 + 13 - 4 - 2*b - 5. What is t(7)?
-10
Suppose -3*q - 2 = 4. Let x(u) = 6*u - 3. Let b(j) = -3*j + 2. Let s(i) = 5*b(i) + 3*x(i). Determine s(q).
-5
Let g(f) = 3*f + 4. Suppose 0 = -0*j + 3*j - 9. Suppose j = -h - 3*a - 15, 0 = -h + a + 2. Give g(h).
-5
Let c(z) = z**3 - 5*z**2 + 5*z. Let s be c(4). Suppose s*k + 9 = -7. Let f(b) = b**3 + 4*b**2 - 2*b - 4. Let t be f(k). Let l(u) = u + 1. Calculate l(t).
5
Let n be (-3)/(-6) - 10/4. Let b(v) be the first derivative of -1/3*v**3 + 2*v - 1 + 1/2*v**2. What is b(n)?
-4
Let f(b) = b + 8. Let j = -66 - -58. What is f(j)?
0
Let a(y) be the second derivative of -y**7/1260 - y**6/240 - y**